{"id":12,"date":"2020-09-01T11:06:59","date_gmt":"2020-09-01T14:06:59","guid":{"rendered":"https:\/\/asociacionesperanza.com.ar\/primario\/?page_id=12"},"modified":"2020-09-28T23:44:49","modified_gmt":"2020-09-29T02:44:49","slug":"primario","status":"publish","type":"page","link":"https:\/\/asociacionesperanza.com.ar\/primario\/","title":{"rendered":"Primario"},"content":{"rendered":"\n<div class=\"wp-block-columns is-layout-flex wp-container-core-columns-is-layout-1 wp-block-columns-is-layout-flex\">\n<div class=\"wp-block-column is-layout-flow wp-block-column-is-layout-flow\">\n<h4 class=\"wp-block-heading\">MISI\u00d3N:<\/h4>\n\n\n\n<p>Acompa\u00f1ar y sostener las trayectorias escolares de nuestros estudiantes fortaleciendo sus capacidades en los procesos de aprendizaje y mejorando la calidad de los mismos a trav\u00e9s de una evaluaci\u00f3n formativa que los aborde integralmente como sujetos de derechos.<\/p>\n<\/div>\n\n\n\n<div class=\"wp-block-column is-layout-flow wp-block-column-is-layout-flow\">\n<h4 class=\"wp-block-heading\"><strong>VISI\u00d3N:<\/strong><\/h4>\n\n\n\n<p>Formar personas respetuosas aut\u00f3nomas y responsables capaces de incluirse a la comunidad a trav\u00e9s del desarrollo de sus capacidades y las posibilidades que brinda la sociedad.<\/p>\n<\/div>\n<\/div>\n\n\n\n<figure class=\"wp-block-pullquote\"><blockquote><p><\/p><p><strong>LEMA:<\/strong><\/p><p>\u201cDESARROLLAMOS CAPACIDADES QUE SE TRANSFORMAN EN METAS\u201d<\/p><\/blockquote><\/figure>\n\n\n\n<div class=\"wp-block-columns is-layout-flex wp-container-core-columns-is-layout-2 wp-block-columns-is-layout-flex\">\n<div class=\"wp-block-column is-layout-flow wp-block-column-is-layout-flow\" style=\"flex-basis:33.33%\">\n<h4 class=\"wp-block-heading\"><strong>OBJETIVOS GENERALES:<\/strong><\/h4>\n\n\n\n<ul class=\"wp-block-list\"><li>Generar buenas pr\u00e1cticas pedag\u00f3gicas para lograr aprendizajes significativos en los alumnos.<\/li><li>Utilizar metodolog\u00edas y estrategias de abordaje pedag\u00f3gico interdisciplinario orientadas al enriquecimiento de las propuestas pedag\u00f3gicas destinadas a nuestros alumnos.<\/li><li>Articular el trabajo por ciclos, seg\u00fan las necesidades.<\/li><li>Utilizar la mediaci\u00f3n pedag\u00f3gica para estimular funciones cognitivas que\u00a0 mejoraren\u00a0 la calidad de los aprendizajes de los alumnos.<\/li><li>Adquirir h\u00e1bitos, habilidades, capacidades y destrezas relacionadas a la conducta, que posibiliten al ni\u00f1o\u00a0 relacionarse e incluirse efectivamente en el medio escolar y social.<\/li><\/ul>\n\n\n\n<figure class=\"wp-block-image size-large is-resized is-style-default\"><img loading=\"lazy\" decoding=\"async\" src=\"https:\/\/asociacionesperanza.com.ar\/primario\/wp-content\/uploads\/2020\/09\/nino.jpg\" alt=\"\" class=\"wp-image-68\" width=\"251\" height=\"140\"\/><\/figure>\n<\/div>\n\n\n\n<div class=\"wp-block-column is-layout-flow wp-block-column-is-layout-flow\" style=\"flex-basis:66.66%\">\n<h4 class=\"wp-block-heading\"><strong>OBJETIVOS ESPEC\u00cdFICOS<\/strong>:<\/h4>\n\n\n\n<p><strong><em>a- \u00c1mbito Acad\u00e9mico Curricular<\/em><\/strong><\/p>\n\n\n\n<ul class=\"wp-block-list\"><li>Desarrollar habilidades de interacci\u00f3n social para que el alumno llegue a establecer y mantener relaciones interpersonales adecuadas.<\/li><li>Conocer y practicar c\u00f3digos y normas de educaci\u00f3n Vial con el fin de desarrollar habilidades sociales necesarias para identificar situaciones de peligro y nociones de autocuidado al utilizar las v\u00edas p\u00fablicas.<\/li><li>Propiciar instrumentos y el an\u00e1lisis de instancias de evaluaci\u00f3n, favoreciendo la reflexi\u00f3n de los procedimientos desarrollados para cada participante seg\u00fan las distintas instancias educativas.<\/li><li>Brindar un espacio de encuentro entre los padres de alumnos para que reflexionen sobre los distintos aspectos del proceso de aprendizaje en general.<\/li><li>Procurar una visi\u00f3n social cr\u00edtica y oportuna, a trav\u00e9s de la investigaci\u00f3n diagn\u00f3stica de la realidad socio-familiar del ni\u00f1o con el fin de educar y orientar a las distintas familias.<\/li><li>Capacitar al personal docente mediante jornadas y\/o talleres sobre la evaluaci\u00f3n de los aprendizajes de los alumnos.<\/li><li>Por eso es importante destacar que se centra en alcanzar determinados niveles acad\u00e9micos, sino m\u00e1s en adquirir habilidades acad\u00e9micas funcionales en t\u00e9rminos de vida independiente, como objetivo a lograr al finalizar el segundo ciclo.<\/li><li>No se basa entonces, en la mera adquisici\u00f3n de contenidos curriculares m\u00ednimos y acreditables para cada a\u00f1o o ciclo, sino que es importante el desarrollo de habilidades cognitivas y habilidades relacionadas con aprendizajes escolares que tienen una aplicaci\u00f3n directa en la vida personal (escritura, lectura, utilizaci\u00f3n pr\u00e1ctica de los conceptos matem\u00e1ticos b\u00e1sicos, conceptos b\u00e1sicos de ciencias en la medida en que estos se relacionan con conocimiento del entorno f\u00edsico y la propia salud y sexualidad; geograf\u00eda y estudios sociales).<\/li><li>Favorecer la capacitaci\u00f3n docente permanente en pos de mejorar continuamente la oferta educativa de la instituci\u00f3n.<\/li><\/ul>\n<\/div>\n<\/div>\n\n\n\n<hr class=\"wp-block-separator\"\/>\n\n\n\n<div class=\"wp-block-columns is-layout-flex wp-container-core-columns-is-layout-3 wp-block-columns-is-layout-flex\">\n<div class=\"wp-block-column is-layout-flow wp-block-column-is-layout-flow\">\n<p><strong><em>b- Gobierno Institucional<\/em><\/strong><\/p>\n\n\n\n<ul class=\"wp-block-list\"><li>Coordinar la actividad general de la instituci\u00f3n orientado al desenvolvimiento del proceso de ense\u00f1anza\u2013aprendizaje y realizando los ajustes necesarios en cada una de las \u00e1reas de trabajo del establecimiento.<\/li><\/ul>\n<\/div>\n\n\n\n<div class=\"wp-block-column is-layout-flow wp-block-column-is-layout-flow\">\n<p><strong><em>c- Administrativo<\/em><\/strong><\/p>\n\n\n\n<ul class=\"wp-block-list\"><li>Definir los roles, funciones y responsabilidades de cada uno de los integrantes de la comunidad educativa, para lograr el cumplimiento de los objetivos acad\u00e9micos curriculares.<\/li><\/ul>\n<\/div>\n<\/div>\n\n\n\n<hr class=\"wp-block-separator is-style-default\"\/>\n\n\n\n<div class=\"wp-block-columns is-layout-flex wp-container-core-columns-is-layout-4 wp-block-columns-is-layout-flex\">\n<div class=\"wp-block-column is-layout-flow wp-block-column-is-layout-flow\" style=\"flex-basis:66.66%\">\n<p><strong><em>d-Recursos humanos<\/em><\/strong><\/p>\n\n\n\n<ul class=\"wp-block-list\"><li>Favorecer espacios de formaci\u00f3n y capacitaci\u00f3n para docentes y equipo t\u00e9cnico, en \u00e1reas de inter\u00e9s tales como: comunicaci\u00f3n alternativa, aprendizaje mediado, did\u00e1cticas especiales, adaptaciones curriculares y habilidades, a fin de permitir la permanente actualizaci\u00f3n en la metodolog\u00eda propuesta por la Instituci\u00f3n.<\/li><li>Propiciar espacios institucionales de reflexi\u00f3n que apunten al desarrollo profesional y mejoren la convivencia de los miembros de la comunidad.<\/li><li>Promover la formaci\u00f3n de equipos de trabajo adecu\u00e1ndolos a las necesidades y objetivos propuestos.<\/li><\/ul>\n<\/div>\n\n\n\n<div class=\"wp-block-column is-layout-flow wp-block-column-is-layout-flow\" style=\"flex-basis:33.33%\">\n<p><strong><em>e- De los servicios<\/em><\/strong><\/p>\n\n\n\n<ul class=\"wp-block-list\"><li>Fomentar el uso de sala de multimedios, inform\u00e1tica y biblioteca para crear espacios interinstitucionales de enriquecimiento e intercambio socio-cultural.<\/li><li>De acuerdo a los resultados obtenidos en los diagn\u00f3sticos realizados, y teniendo en cuenta las l\u00edneas de acci\u00f3n, el equipo docente y t\u00e9cnico, elabora e implementa distintos proyectos seg\u00fan las NEE de los alumnos.<\/li><\/ul>\n<\/div>\n<\/div>\n\n\n\n<hr class=\"wp-block-separator\"\/>\n\n\n\n<h4 class=\"wp-block-heading\"><strong>OBJETIVOS DE CICLO<\/strong><\/h4>\n\n\n\n<div class=\"wp-block-columns is-layout-flex wp-container-core-columns-is-layout-5 wp-block-columns-is-layout-flex\">\n<div class=\"wp-block-column is-layout-flow wp-block-column-is-layout-flow\">\n<p>a-<strong><em> Nivel Inicial y Primer Ciclo:<\/em><\/strong><\/p>\n\n\n\n<ul class=\"wp-block-list\"><li>Favorecer el desarrollo de la percepci\u00f3n con el fin de estimular funciones b\u00e1sicas para el aprendizaje de la lecto \u2013 escritura y c\u00e1lculo.<\/li><li>Desarrollar la conciencia ling\u00fc\u00edstica.<\/li><li>Utilizar paulatinamente y con mayor precisi\u00f3n los recursos implicados en la medida social del tiempo. Complejiz\u00e1ndolos en cada a\u00f1o.<\/li><\/ul>\n<\/div>\n\n\n\n<div class=\"wp-block-column is-layout-flow wp-block-column-is-layout-flow\">\n<p>b- <strong><em>Segundo Ciclo:<\/em><\/strong><\/p>\n\n\n\n<ul class=\"wp-block-list\"><li>Brindar estrategias para afianzar la comprensi\u00f3n y producci\u00f3n lectora a trav\u00e9s de diversas pr\u00e1cticas \u00e1ulicas e interdisciplinarias.<\/li><\/ul>\n<\/div>\n<\/div>\n\n\n\n<hr class=\"wp-block-separator\"\/>\n\n\n\n<h4 class=\"wp-block-heading\">PERSONAL DEL INSTITUTO<\/h4>\n\n\n\n<p>El instituto primario cuenta con docentes especializados en el abordaje de la ense\u00f1anza con ajustes pertinentes a las necesidades de nuestros estudiantes, bajo la modalidad de \u201cmediaci\u00f3n pedag\u00f3gica\u201d.<\/p>\n\n\n\n<p>Tambi\u00e9n cuenta con un Servicio de Orientaci\u00f3n completo, con profesionales especializados en diversas \u00e1reas (fonoaudiolog\u00eda, psicolog\u00eda, trabajo social, psicopedagog\u00eda y medicina).<\/p>\n\n\n\n<p>Caracteriza al personal un fuerte compromiso con la vocaci\u00f3n docente, con la creencia de que el ser humano es modificable y con que el alumno es un sujeto activo al que se lo acompa\u00f1a a desarrollar su potencial y sus capacidades.<\/p>\n\n\n\n<hr class=\"wp-block-separator\"\/>\n\n\n\n<h4 class=\"wp-block-heading\">DEL PROCESO ADMISI\u00d3N Y PERMANENCIA DE UN ALUMNO EN NIVEL PRIMARIO:<\/h4>\n\n\n\n<ul class=\"wp-block-list\"><li>Poseer Certificado \u00danico de Discapacidad (CUD)<\/li><li>Las edades de admisi\u00f3n oscilan entre los 5 y 14 a\u00f1os.<\/li><li>Las evaluaciones de admisi\u00f3n se realizan en el mes de setiembre de cada a\u00f1o para el ingreso al ciclo lectivo posterior. Los turnos para estas evaluaciones se otorgan telef\u00f3nicamente.<\/li><\/ul>\n\n\n\n<div class=\"wp-block-group\"><div class=\"wp-block-group__inner-container is-layout-flow wp-block-group-is-layout-flow\">\n<div class=\"wp-block-image is-style-rounded\"><figure class=\"aligncenter size-large is-resized\"><img loading=\"lazy\" decoding=\"async\" src=\"https:\/\/asociacionesperanza.com.ar\/primario\/wp-content\/uploads\/2020\/09\/Owl-with-pencil.jpg\" alt=\"\" class=\"wp-image-73\" width=\"121\" height=\"153\"\/><\/figure><\/div>\n\n\n\n<blockquote class=\"wp-block-quote has-text-align-center is-style-large is-layout-flow wp-block-quote-is-layout-flow\"><p>\u00abCabe destacar que las cuotas mensuales de la escuela son cubiertas por las obras sociales\u00bb.<\/p><\/blockquote>\n<\/div><\/div>\n\n\n\n<hr class=\"wp-block-separator\"\/>\n\n\n\n<p><\/p>\n","protected":false},"excerpt":{"rendered":"<p>MISI\u00d3N: Acompa\u00f1ar y sostener las trayectorias escolares de nuestros estudiantes fortaleciendo sus capacidades en los procesos de aprendizaje y mejorando la calidad de los mismos a trav\u00e9s de una evaluaci\u00f3n formativa que los aborde integralmente como sujetos de derechos. VISI\u00d3N: Formar personas respetuosas aut\u00f3nomas y responsables capaces de incluirse a la comunidad a trav\u00e9s del desarrollo de sus capacidades y las posibilidades que brinda la sociedad. LEMA: \u201cDESARROLLAMOS CAPACIDADES QUE SE TRANSFORMAN EN METAS\u201d OBJETIVOS GENERALES: Generar buenas pr\u00e1cticas pedag\u00f3gicas para lograr aprendizajes significativos en los alumnos. Utilizar metodolog\u00edas y estrategias de abordaje pedag\u00f3gico interdisciplinario orientadas al enriquecimiento de las\u2026<\/p>\n","protected":false},"author":2,"featured_media":0,"parent":0,"menu_order":0,"comment_status":"closed","ping_status":"closed","template":"","meta":{"footnotes":""},"class_list":["post-12","page","type-page","status-publish","hentry"],"blocksy_meta":{"styles_descriptor":{"styles":{"desktop":"","tablet":"","mobile":""},"google_fonts":[],"version":4}},"_links":{"self":[{"href":"https:\/\/asociacionesperanza.com.ar\/primario\/wp-json\/wp\/v2\/pages\/12"}],"collection":[{"href":"https:\/\/asociacionesperanza.com.ar\/primario\/wp-json\/wp\/v2\/pages"}],"about":[{"href":"https:\/\/asociacionesperanza.com.ar\/primario\/wp-json\/wp\/v2\/types\/page"}],"author":[{"embeddable":true,"href":"https:\/\/asociacionesperanza.com.ar\/primario\/wp-json\/wp\/v2\/users\/2"}],"replies":[{"embeddable":true,"href":"https:\/\/asociacionesperanza.com.ar\/primario\/wp-json\/wp\/v2\/comments?post=12"}],"version-history":[{"count":9,"href":"https:\/\/asociacionesperanza.com.ar\/primario\/wp-json\/wp\/v2\/pages\/12\/revisions"}],"predecessor-version":[{"id":74,"href":"https:\/\/asociacionesperanza.com.ar\/primario\/wp-json\/wp\/v2\/pages\/12\/revisions\/74"}],"wp:attachment":[{"href":"https:\/\/asociacionesperanza.com.ar\/primario\/wp-json\/wp\/v2\/media?parent=12"}],"curies":[{"name":"wp","href":"https:\/\/api.w.org\/{rel}","templated":true}]}}

<div class="wp-block-columns is-layout-flex wp-container-core-columns-is-layout-1 wp-block-columns-is-layout-flex">
<div class="wp-block-column is-layout-flow wp-block-column-is-layout-flow">
<h4 class="wp-block-heading">MISIÓN:</h4>



<p>Acompañar y sostener las trayectorias escolares de nuestros estudiantes fortaleciendo sus capacidades en los procesos de aprendizaje y mejorando la calidad de los mismos a través de una evaluación formativa que los aborde integralmente como sujetos de derechos.</p>
</div>



<div class="wp-block-column is-layout-flow wp-block-column-is-layout-flow">
<h4 class="wp-block-heading"><strong>VISIÓN:</strong></h4>



<p>Formar personas respetuosas autónomas y responsables capaces de incluirse a la comunidad a través del desarrollo de sus capacidades y las posibilidades que brinda la sociedad.</p>
</div>
</div>



<figure class="wp-block-pullquote"><blockquote><p></p><p><strong>LEMA:</strong></p><p>“DESARROLLAMOS CAPACIDADES QUE SE TRANSFORMAN EN METAS”</p></blockquote></figure>



<div class="wp-block-columns is-layout-flex wp-container-core-columns-is-layout-2 wp-block-columns-is-layout-flex">
<div class="wp-block-column is-layout-flow wp-block-column-is-layout-flow" style="flex-basis:33.33%">
<h4 class="wp-block-heading"><strong>OBJETIVOS GENERALES:</strong></h4>



<ul class="wp-block-list"><li>Generar buenas prácticas pedagógicas para lograr aprendizajes significativos en los alumnos.</li><li>Utilizar metodologías y estrategias de abordaje pedagógico interdisciplinario orientadas al enriquecimiento de las propuestas pedagógicas destinadas a nuestros alumnos.</li><li>Articular el trabajo por ciclos, según las necesidades.</li><li>Utilizar la mediación pedagógica para estimular funciones cognitivas que  mejoraren  la calidad de los aprendizajes de los alumnos.</li><li>Adquirir hábitos, habilidades, capacidades y destrezas relacionadas a la conducta, que posibiliten al niño  relacionarse e incluirse efectivamente en el medio escolar y social.</li></ul>



<figure class="wp-block-image size-large is-resized is-style-default"><img loading="lazy" decoding="async" src="https://asociacionesperanza.com.ar/primario/wp-content/uploads/2020/09/nino.jpg" alt="" class="wp-image-68" width="251" height="140"/></figure>
</div>



<div class="wp-block-column is-layout-flow wp-block-column-is-layout-flow" style="flex-basis:66.66%">
<h4 class="wp-block-heading"><strong>OBJETIVOS ESPECÍFICOS</strong>:</h4>



<p><strong><em>a- Ámbito Académico Curricular</em></strong></p>



<ul class="wp-block-list"><li>Desarrollar habilidades de interacción social para que el alumno llegue a establecer y mantener relaciones interpersonales adecuadas.</li><li>Conocer y practicar códigos y normas de educación Vial con el fin de desarrollar habilidades sociales necesarias para identificar situaciones de peligro y nociones de autocuidado al utilizar las vías públicas.</li><li>Propiciar instrumentos y el análisis de instancias de evaluación, favoreciendo la reflexión de los procedimientos desarrollados para cada participante según las distintas instancias educativas.</li><li>Brindar un espacio de encuentro entre los padres de alumnos para que reflexionen sobre los distintos aspectos del proceso de aprendizaje en general.</li><li>Procurar una visión social crítica y oportuna, a través de la investigación diagnóstica de la realidad socio-familiar del niño con el fin de educar y orientar a las distintas familias.</li><li>Capacitar al personal docente mediante jornadas y/o talleres sobre la evaluación de los aprendizajes de los alumnos.</li><li>Por eso es importante destacar que se centra en alcanzar determinados niveles académicos, sino más en adquirir habilidades académicas funcionales en términos de vida independiente, como objetivo a lograr al finalizar el segundo ciclo.</li><li>No se basa entonces, en la mera adquisición de contenidos curriculares mínimos y acreditables para cada año o ciclo, sino que es importante el desarrollo de habilidades cognitivas y habilidades relacionadas con aprendizajes escolares que tienen una aplicación directa en la vida personal (escritura, lectura, utilización práctica de los conceptos matemáticos básicos, conceptos básicos de ciencias en la medida en que estos se relacionan con conocimiento del entorno físico y la propia salud y sexualidad; geografía y estudios sociales).</li><li>Favorecer la capacitación docente permanente en pos de mejorar continuamente la oferta educativa de la institución.</li></ul>
</div>
</div>



<hr class="wp-block-separator"/>



<div class="wp-block-columns is-layout-flex wp-container-core-columns-is-layout-3 wp-block-columns-is-layout-flex">
<div class="wp-block-column is-layout-flow wp-block-column-is-layout-flow">
<p><strong><em>b- Gobierno Institucional</em></strong></p>



<ul class="wp-block-list"><li>Coordinar la actividad general de la institución orientado al desenvolvimiento del proceso de enseñanza–aprendizaje y realizando los ajustes necesarios en cada una de las áreas de trabajo del establecimiento.</li></ul>
</div>



<div class="wp-block-column is-layout-flow wp-block-column-is-layout-flow">
<p><strong><em>c- Administrativo</em></strong></p>



<ul class="wp-block-list"><li>Definir los roles, funciones y responsabilidades de cada uno de los integrantes de la comunidad educativa, para lograr el cumplimiento de los objetivos académicos curriculares.</li></ul>
</div>
</div>



<hr class="wp-block-separator is-style-default"/>



<div class="wp-block-columns is-layout-flex wp-container-core-columns-is-layout-4 wp-block-columns-is-layout-flex">
<div class="wp-block-column is-layout-flow wp-block-column-is-layout-flow" style="flex-basis:66.66%">
<p><strong><em>d-Recursos humanos</em></strong></p>



<ul class="wp-block-list"><li>Favorecer espacios de formación y capacitación para docentes y equipo técnico, en áreas de interés tales como: comunicación alternativa, aprendizaje mediado, didácticas especiales, adaptaciones curriculares y habilidades, a fin de permitir la permanente actualización en la metodología propuesta por la Institución.</li><li>Propiciar espacios institucionales de reflexión que apunten al desarrollo profesional y mejoren la convivencia de los miembros de la comunidad.</li><li>Promover la formación de equipos de trabajo adecuándolos a las necesidades y objetivos propuestos.</li></ul>
</div>



<div class="wp-block-column is-layout-flow wp-block-column-is-layout-flow" style="flex-basis:33.33%">
<p><strong><em>e- De los servicios</em></strong></p>



<ul class="wp-block-list"><li>Fomentar el uso de sala de multimedios, informática y biblioteca para crear espacios interinstitucionales de enriquecimiento e intercambio socio-cultural.</li><li>De acuerdo a los resultados obtenidos en los diagnósticos realizados, y teniendo en cuenta las líneas de acción, el equipo docente y técnico, elabora e implementa distintos proyectos según las NEE de los alumnos.</li></ul>
</div>
</div>



<hr class="wp-block-separator"/>



<h4 class="wp-block-heading"><strong>OBJETIVOS DE CICLO</strong></h4>



<div class="wp-block-columns is-layout-flex wp-container-core-columns-is-layout-5 wp-block-columns-is-layout-flex">
<div class="wp-block-column is-layout-flow wp-block-column-is-layout-flow">
<p>a-<strong><em> Nivel Inicial y Primer Ciclo:</em></strong></p>



<ul class="wp-block-list"><li>Favorecer el desarrollo de la percepción con el fin de estimular funciones básicas para el aprendizaje de la lecto – escritura y cálculo.</li><li>Desarrollar la conciencia lingüística.</li><li>Utilizar paulatinamente y con mayor precisión los recursos implicados en la medida social del tiempo. Complejizándolos en cada año.</li></ul>
</div>



<div class="wp-block-column is-layout-flow wp-block-column-is-layout-flow">
<p>b- <strong><em>Segundo Ciclo:</em></strong></p>



<ul class="wp-block-list"><li>Brindar estrategias para afianzar la comprensión y producción lectora a través de diversas prácticas áulicas e interdisciplinarias.</li></ul>
</div>
</div>



<hr class="wp-block-separator"/>



<h4 class="wp-block-heading">PERSONAL DEL INSTITUTO</h4>



<p>El instituto primario cuenta con docentes especializados en el abordaje de la enseñanza con ajustes pertinentes a las necesidades de nuestros estudiantes, bajo la modalidad de “mediación pedagógica”.</p>



<p>También cuenta con un Servicio de Orientación completo, con profesionales especializados en diversas áreas (fonoaudiología, psicología, trabajo social, psicopedagogía y medicina).</p>



<p>Caracteriza al personal un fuerte compromiso con la vocación docente, con la creencia de que el ser humano es modificable y con que el alumno es un sujeto activo al que se lo acompaña a desarrollar su potencial y sus capacidades.</p>



<hr class="wp-block-separator"/>



<h4 class="wp-block-heading">DEL PROCESO ADMISIÓN Y PERMANENCIA DE UN ALUMNO EN NIVEL PRIMARIO:</h4>



<ul class="wp-block-list"><li>Poseer Certificado Único de Discapacidad (CUD)</li><li>Las edades de admisión oscilan entre los 5 y 14 años.</li><li>Las evaluaciones de admisión se realizan en el mes de setiembre de cada año para el ingreso al ciclo lectivo posterior. Los turnos para estas evaluaciones se otorgan telefónicamente.</li></ul>



<div class="wp-block-group"><div class="wp-block-group__inner-container is-layout-flow wp-block-group-is-layout-flow">
<div class="wp-block-image is-style-rounded"><figure class="aligncenter size-large is-resized"><img loading="lazy" decoding="async" src="https://asociacionesperanza.com.ar/primario/wp-content/uploads/2020/09/Owl-with-pencil.jpg" alt="" class="wp-image-73" width="121" height="153"/></figure></div>



<blockquote class="wp-block-quote has-text-align-center is-style-large is-layout-flow wp-block-quote-is-layout-flow"><p>«Cabe destacar que las cuotas mensuales de la escuela son cubiertas por las obras sociales».</p></blockquote>
</div></div>



<hr class="wp-block-separator"/>



<p></p>

<p>MISIÓN: Acompañar y sostener las trayectorias escolares de nuestros estudiantes fortaleciendo sus capacidades en los procesos de aprendizaje y mejorando la calidad de los mismos a través de una evaluación formativa que los aborde integralmente como sujetos de derechos. VISIÓN: Formar personas respetuosas autónomas y responsables capaces de incluirse a la comunidad a través del desarrollo de sus capacidades y las posibilidades que brinda la sociedad. LEMA: “DESARROLLAMOS CAPACIDADES QUE SE TRANSFORMAN EN METAS” OBJETIVOS GENERALES: Generar buenas prácticas pedagógicas para lograr aprendizajes significativos en los alumnos. Utilizar metodologías y estrategias de abordaje pedagógico interdisciplinario orientadas al enriquecimiento de las…</p>
