{"id":216,"date":"2024-07-12T19:48:15","date_gmt":"2024-07-12T22:48:15","guid":{"rendered":"https:\/\/asociacionesperanza.com.ar\/primario\/?page_id=216"},"modified":"2025-06-30T17:44:10","modified_gmt":"2025-06-30T20:44:10","slug":"pre-inscripcion","status":"publish","type":"page","link":"https:\/\/asociacionesperanza.com.ar\/primario\/pre-inscripcion\/","title":{"rendered":"PRE INSCRIPCI\u00d3N"},"content":{"rendered":"\n<h1 class=\"wp-block-heading has-large-font-size\"><strong>PRE-INSCRIPCI\u00d3N para el Ciclo Lectivo 202<\/strong>6<\/h1>\n\n\n\n<p><strong>Por favor completar el formulario de pre-inscripci\u00f3n, los turnos para las valoraciones se otorgar\u00e1n partir de la segunda quincena de agosto, previamente recibir\u00e1 un email solicitando documentaci\u00f3n.<\/strong><\/p>\n\n\n\n<p>Recuerde que esta es una instancia de pre \u2013 inscripci\u00f3n, las vacantes quedan supeditadas a  los cupos disponibles.<\/p>\n\n\n<div class=\"wpforms-container wpforms-container-full wpforms-block wpforms-block-f2476956-0d35-490a-ac8b-bec9147ff193\" id=\"wpforms-32\"><form id=\"wpforms-form-32\" class=\"wpforms-validate wpforms-form\" data-formid=\"32\" method=\"post\" enctype=\"multipart\/form-data\" action=\"\/primario\/wp-json\/wp\/v2\/pages\/216\" data-token=\"a43bbc404bd58ead83d737a305d53b7d\" data-token-time=\"1777228942\"><noscript class=\"wpforms-error-noscript\">Por favor, activa JavaScript en tu navegador para completar este formulario.<\/noscript><div class=\"wpforms-field-container\"><div id=\"wpforms-32-field_4-container\" class=\"wpforms-field wpforms-field-name\" data-field-id=\"4\"><label class=\"wpforms-field-label\" for=\"wpforms-32-field_4\">Nombre y apellido del Ni\u00f1o aspirante <span class=\"wpforms-required-label\">*<\/span><\/label><div class=\"wpforms-field-row wpforms-field-medium\"><div class=\"wpforms-field-row-block wpforms-first wpforms-one-half\"><input type=\"text\" id=\"wpforms-32-field_4\" class=\"wpforms-field-name-first wpforms-field-required\" name=\"wpforms[fields][4][first]\" required><label for=\"wpforms-32-field_4\" class=\"wpforms-field-sublabel after\">Nombre<\/label><\/div><div class=\"wpforms-field-row-block wpforms-one-half\"><input type=\"text\" id=\"wpforms-32-field_4-last\" class=\"wpforms-field-name-last wpforms-field-required\" name=\"wpforms[fields][4][last]\" required><label for=\"wpforms-32-field_4-last\" class=\"wpforms-field-sublabel after\">Apellidos<\/label><\/div><\/div><\/div><div id=\"wpforms-32-field_5-container\" class=\"wpforms-field wpforms-field-number\" data-field-id=\"5\"><label class=\"wpforms-field-label\" for=\"wpforms-32-field_5\">DNI: <span class=\"wpforms-required-label\">*<\/span><\/label><input type=\"number\" id=\"wpforms-32-field_5\" class=\"wpforms-field-medium wpforms-field-required\" name=\"wpforms[fields][5]\" required><\/div><div id=\"wpforms-32-field_10-container\" class=\"wpforms-field wpforms-field-text\" data-field-id=\"10\"><label class=\"wpforms-field-label\" for=\"wpforms-32-field_10\">CUIL <span class=\"wpforms-required-label\">*<\/span><\/label><input type=\"text\" id=\"wpforms-32-field_10\" class=\"wpforms-field-medium wpforms-field-required\" name=\"wpforms[fields][10]\" required><div class=\"wpforms-field-description\">Si no sabe cual es el n\u00famero de CUIL puede obtenerlo en el siguiente link:  https:\/\/www.anses.gob.ar\/consulta\/constancia-de-cuil (copie y pegue en el navegador), o en el Certificado de Discapacidad<\/div><\/div><div id=\"wpforms-32-field_6-container\" class=\"wpforms-field wpforms-field-number\" data-field-id=\"6\"><label class=\"wpforms-field-label\" for=\"wpforms-32-field_6\">Fecha de nacimiento: <span class=\"wpforms-required-label\">*<\/span><\/label><input type=\"number\" id=\"wpforms-32-field_6\" class=\"wpforms-field-medium wpforms-field-required\" name=\"wpforms[fields][6]\" required><\/div><div id=\"wpforms-32-field_9-container\" class=\"wpforms-field wpforms-field-radio\" data-field-id=\"9\"><label class=\"wpforms-field-label\" for=\"wpforms-32-field_9\">Posee Obra Social? <span class=\"wpforms-required-label\">*<\/span><\/label><ul id=\"wpforms-32-field_9\" class=\"wpforms-field-required\"><li class=\"choice-1 depth-1\"><input type=\"radio\" id=\"wpforms-32-field_9_1\" name=\"wpforms[fields][9]\" value=\"S\u00ed\" required ><label class=\"wpforms-field-label-inline\" for=\"wpforms-32-field_9_1\">S\u00ed<\/label><\/li><li class=\"choice-2 depth-1\"><input type=\"radio\" id=\"wpforms-32-field_9_2\" name=\"wpforms[fields][9]\" value=\"No\" required ><label class=\"wpforms-field-label-inline\" for=\"wpforms-32-field_9_2\">No<\/label><\/li><\/ul><\/div><div id=\"wpforms-32-field_8-container\" class=\"wpforms-field wpforms-field-text\" data-field-id=\"8\"><label class=\"wpforms-field-label\" for=\"wpforms-32-field_8\">Escriba el nombre de su obra social (en caso de haber respondido que s\u00ed)<\/label><input type=\"text\" id=\"wpforms-32-field_8\" class=\"wpforms-field-medium\" name=\"wpforms[fields][8]\" ><\/div><div id=\"wpforms-32-field_11-container\" class=\"wpforms-field wpforms-field-text\" data-field-id=\"11\"><label class=\"wpforms-field-label\" for=\"wpforms-32-field_11\">N\u00famero de Afiliado<\/label><input type=\"text\" id=\"wpforms-32-field_11\" class=\"wpforms-field-medium\" name=\"wpforms[fields][11]\" ><\/div><div id=\"wpforms-32-field_7-container\" class=\"wpforms-field wpforms-field-radio\" data-field-id=\"7\"><label class=\"wpforms-field-label\" for=\"wpforms-32-field_7\">Posee Certificado de Discapacidad (CUD)? <span class=\"wpforms-required-label\">*<\/span><\/label><ul id=\"wpforms-32-field_7\" class=\"wpforms-field-required\"><li class=\"choice-1 depth-1\"><input type=\"radio\" id=\"wpforms-32-field_7_1\" name=\"wpforms[fields][7]\" value=\"S\u00ed\" required ><label class=\"wpforms-field-label-inline\" for=\"wpforms-32-field_7_1\">S\u00ed<\/label><\/li><li class=\"choice-2 depth-1\"><input type=\"radio\" id=\"wpforms-32-field_7_2\" name=\"wpforms[fields][7]\" value=\"No\" required ><label class=\"wpforms-field-label-inline\" for=\"wpforms-32-field_7_2\">No<\/label><\/li><li class=\"choice-3 depth-1\"><input type=\"radio\" id=\"wpforms-32-field_7_3\" name=\"wpforms[fields][7]\" value=\"En tr\u00e1mite\" required ><label class=\"wpforms-field-label-inline\" for=\"wpforms-32-field_7_3\">En tr\u00e1mite<\/label><\/li><\/ul><\/div><div id=\"wpforms-32-field_12-container\" class=\"wpforms-field wpforms-field-textarea\" data-field-id=\"12\"><label class=\"wpforms-field-label\" for=\"wpforms-32-field_12\">Escriba el diagn\u00f3stico tal cual figura en el Certificado de Discapacidad (CUD) <span class=\"wpforms-required-label\">*<\/span><\/label><textarea id=\"wpforms-32-field_12\" class=\"wpforms-field-medium wpforms-field-required\" name=\"wpforms[fields][12]\" required><\/textarea><div class=\"wpforms-field-description\">Se encuentra en la primer secci\u00f3n del certificado de discapacidad, luego del nombre y DNI.\r\nSi respondi\u00f3 que No en la pregunta anterior o En  tr\u00e1mite, escriba \u00abSin diagn\u00f3stico\u00bb<\/div><\/div><div id=\"wpforms-32-field_14-container\" class=\"wpforms-field wpforms-field-text\" data-field-id=\"14\"><label class=\"wpforms-field-label\" for=\"wpforms-32-field_14\">Escuela a la que asiste y grado que cursa <span class=\"wpforms-required-label\">*<\/span><\/label><input type=\"text\" id=\"wpforms-32-field_14\" class=\"wpforms-field-medium wpforms-field-required\" name=\"wpforms[fields][14]\" required><div class=\"wpforms-field-description\">Si la solicitud es para nivel inicial y no asiste a ning\u00fan jard\u00edn maternal, coloque Ninguna<\/div><\/div><div id=\"wpforms-32-field_15-container\" class=\"wpforms-field wpforms-field-radio\" data-field-id=\"15\"><label class=\"wpforms-field-label\" for=\"wpforms-32-field_15\">Asiste a la escuela con Maestra de Apoyo o Asistente Terap\u00e9utico <span class=\"wpforms-required-label\">*<\/span><\/label><ul id=\"wpforms-32-field_15\" class=\"wpforms-field-required\"><li class=\"choice-1 depth-1\"><input type=\"radio\" id=\"wpforms-32-field_15_1\" name=\"wpforms[fields][15]\" value=\"S\u00ed\" required ><label class=\"wpforms-field-label-inline\" for=\"wpforms-32-field_15_1\">S\u00ed<\/label><\/li><li class=\"choice-2 depth-1\"><input type=\"radio\" id=\"wpforms-32-field_15_2\" name=\"wpforms[fields][15]\" value=\"No\" required ><label class=\"wpforms-field-label-inline\" for=\"wpforms-32-field_15_2\">No<\/label><\/li><\/ul><\/div><div id=\"wpforms-32-field_17-container\" class=\"wpforms-field wpforms-field-radio\" data-field-id=\"17\"><label class=\"wpforms-field-label\" for=\"wpforms-32-field_17\">Realiza terapias? <span class=\"wpforms-required-label\">*<\/span><\/label><ul id=\"wpforms-32-field_17\" class=\"wpforms-field-required\"><li class=\"choice-1 depth-1\"><input type=\"radio\" id=\"wpforms-32-field_17_1\" name=\"wpforms[fields][17]\" value=\"S\u00ed\" required ><label class=\"wpforms-field-label-inline\" for=\"wpforms-32-field_17_1\">S\u00ed<\/label><\/li><li class=\"choice-2 depth-1\"><input type=\"radio\" id=\"wpforms-32-field_17_2\" name=\"wpforms[fields][17]\" value=\"No\" required ><label class=\"wpforms-field-label-inline\" for=\"wpforms-32-field_17_2\">No<\/label><\/li><\/ul><\/div><div id=\"wpforms-32-field_18-container\" class=\"wpforms-field wpforms-field-textarea\" data-field-id=\"18\"><label class=\"wpforms-field-label\" for=\"wpforms-32-field_18\">Si su respuesta anterior fue s\u00ed, indique cuales terapias realiza, qui\u00e9n es el\/la profesional que lo atiende y en qu\u00e9 instituto en caso de corresponder<\/label><textarea id=\"wpforms-32-field_18\" class=\"wpforms-field-medium\" name=\"wpforms[fields][18]\" ><\/textarea><\/div><div id=\"wpforms-32-field_16-container\" class=\"wpforms-field wpforms-field-textarea\" data-field-id=\"16\"><label class=\"wpforms-field-label\" for=\"wpforms-32-field_16\">Indique que profesional o qu\u00e9 instituci\u00f3n realiza la derivaci\u00f3n a la Asociaci\u00f3n Esperanza<\/label><textarea id=\"wpforms-32-field_16\" class=\"wpforms-field-medium\" name=\"wpforms[fields][16]\" ><\/textarea><\/div><div id=\"wpforms-32-field_0-container\" class=\"wpforms-field wpforms-field-name\" data-field-id=\"0\"><label class=\"wpforms-field-label\" for=\"wpforms-32-field_0\">Nombre y apellido del Padre \/ Madre o Tutor <span class=\"wpforms-required-label\">*<\/span><\/label><div class=\"wpforms-field-row wpforms-field-medium\"><div class=\"wpforms-field-row-block wpforms-first wpforms-one-half\"><input type=\"text\" id=\"wpforms-32-field_0\" class=\"wpforms-field-name-first wpforms-field-required\" name=\"wpforms[fields][0][first]\" required><label for=\"wpforms-32-field_0\" class=\"wpforms-field-sublabel after\">Nombre<\/label><\/div><div class=\"wpforms-field-row-block wpforms-one-half\"><input type=\"text\" id=\"wpforms-32-field_0-last\" class=\"wpforms-field-name-last wpforms-field-required\" name=\"wpforms[fields][0][last]\" required><label for=\"wpforms-32-field_0-last\" class=\"wpforms-field-sublabel after\">Apellidos<\/label><\/div><\/div><\/div><div id=\"wpforms-32-field_1-container\" class=\"wpforms-field wpforms-field-email\" data-field-id=\"1\"><label class=\"wpforms-field-label\" for=\"wpforms-32-field_1\">Correo electr\u00f3nico<\/label><input type=\"email\" id=\"wpforms-32-field_1\" class=\"wpforms-field-medium\" name=\"wpforms[fields][1]\" spellcheck=\"false\" ><\/div><div id=\"wpforms-32-field_3-container\" class=\"wpforms-field wpforms-field-number\" data-field-id=\"3\"><label class=\"wpforms-field-label\" for=\"wpforms-32-field_3\">Tel\u00e9fono de contacto <span class=\"wpforms-required-label\">*<\/span><\/label><input type=\"number\" id=\"wpforms-32-field_3\" class=\"wpforms-field-medium wpforms-field-required\" name=\"wpforms[fields][3]\" required><\/div><div id=\"wpforms-32-field_2-container\" class=\"wpforms-field wpforms-field-textarea\" data-field-id=\"2\"><label class=\"wpforms-field-label\" for=\"wpforms-32-field_2\">Comentario o mensaje<\/label><textarea id=\"wpforms-32-field_2\" class=\"wpforms-field-medium\" name=\"wpforms[fields][2]\" ><\/textarea><\/div><\/div><!-- .wpforms-field-container --><div class=\"wpforms-recaptcha-container wpforms-is-recaptcha wpforms-is-recaptcha-type-v3\" ><input type=\"hidden\" name=\"wpforms[recaptcha]\" value=\"\"><\/div><div class=\"wpforms-submit-container\" ><input type=\"hidden\" name=\"wpforms[id]\" value=\"32\"><input type=\"hidden\" name=\"page_title\" value=\"\"><input type=\"hidden\" name=\"page_url\" value=\"https:\/\/asociacionesperanza.com.ar\/primario\/wp-json\/wp\/v2\/pages\/216\"><button type=\"submit\" name=\"wpforms[submit]\" id=\"wpforms-submit-32\" class=\"wpforms-submit\" data-alt-text=\"Enviando...\" data-submit-text=\"Enviar\" aria-live=\"assertive\" value=\"wpforms-submit\">Enviar<\/button><\/div><\/form><\/div>  <!-- .wpforms-container -->","protected":false},"excerpt":{"rendered":"<p>PRE-INSCRIPCI\u00d3N para el Ciclo Lectivo 2026 Por favor completar el formulario de pre-inscripci\u00f3n, los turnos para las valoraciones se otorgar\u00e1n partir de la segunda quincena de agosto, previamente recibir\u00e1 un email solicitando documentaci\u00f3n. Recuerde que esta es una instancia de pre \u2013 inscripci\u00f3n, las vacantes quedan supeditadas a los cupos disponibles.<\/p>\n","protected":false},"author":2,"featured_media":0,"parent":0,"menu_order":0,"comment_status":"closed","ping_status":"closed","template":"","meta":{"footnotes":""},"class_list":["post-216","page","type-page","status-publish","hentry"],"blocksy_meta":{"styles_descriptor":{"styles":{"desktop":"","tablet":"","mobile":""},"google_fonts":[],"version":4}},"_links":{"self":[{"href":"https:\/\/asociacionesperanza.com.ar\/primario\/wp-json\/wp\/v2\/pages\/216"}],"collection":[{"href":"https:\/\/asociacionesperanza.com.ar\/primario\/wp-json\/wp\/v2\/pages"}],"about":[{"href":"https:\/\/asociacionesperanza.com.ar\/primario\/wp-json\/wp\/v2\/types\/page"}],"author":[{"embeddable":true,"href":"https:\/\/asociacionesperanza.com.ar\/primario\/wp-json\/wp\/v2\/users\/2"}],"replies":[{"embeddable":true,"href":"https:\/\/asociacionesperanza.com.ar\/primario\/wp-json\/wp\/v2\/comments?post=216"}],"version-history":[{"count":3,"href":"https:\/\/asociacionesperanza.com.ar\/primario\/wp-json\/wp\/v2\/pages\/216\/revisions"}],"predecessor-version":[{"id":225,"href":"https:\/\/asociacionesperanza.com.ar\/primario\/wp-json\/wp\/v2\/pages\/216\/revisions\/225"}],"wp:attachment":[{"href":"https:\/\/asociacionesperanza.com.ar\/primario\/wp-json\/wp\/v2\/media?parent=216"}],"curies":[{"name":"wp","href":"https:\/\/api.w.org\/{rel}","templated":true}]}}

PRE INSCRIPCIÓN

<h1 class="wp-block-heading has-large-font-size"><strong>PRE-INSCRIPCIÓN para el Ciclo Lectivo 202</strong>6</h1>



<p><strong>Por favor completar el formulario de pre-inscripción, los turnos para las valoraciones se otorgarán partir de la segunda quincena de agosto, previamente recibirá un email solicitando documentación.</strong></p>



<p>Recuerde que esta es una instancia de pre – inscripción, las vacantes quedan supeditadas a  los cupos disponibles.</p>


<div class="wpforms-container wpforms-container-full wpforms-block wpforms-block-f2476956-0d35-490a-ac8b-bec9147ff193" id="wpforms-32"><form id="wpforms-form-32" class="wpforms-validate wpforms-form" data-formid="32" method="post" enctype="multipart/form-data" action="/primario/wp-json/wp/v2/pages/216" data-token="a43bbc404bd58ead83d737a305d53b7d" data-token-time="1777228942"><noscript class="wpforms-error-noscript">Por favor, activa JavaScript en tu navegador para completar este formulario.</noscript><div class="wpforms-field-container"><div id="wpforms-32-field_4-container" class="wpforms-field wpforms-field-name" data-field-id="4"><label class="wpforms-field-label" for="wpforms-32-field_4">Nombre y apellido del Niño aspirante <span class="wpforms-required-label">*</span></label><div class="wpforms-field-row wpforms-field-medium"><div class="wpforms-field-row-block wpforms-first wpforms-one-half"><input type="text" id="wpforms-32-field_4" class="wpforms-field-name-first wpforms-field-required" name="wpforms[fields][4][first]" required><label for="wpforms-32-field_4" class="wpforms-field-sublabel after">Nombre</label></div><div class="wpforms-field-row-block wpforms-one-half"><input type="text" id="wpforms-32-field_4-last" class="wpforms-field-name-last wpforms-field-required" name="wpforms[fields][4][last]" required><label for="wpforms-32-field_4-last" class="wpforms-field-sublabel after">Apellidos</label></div></div></div><div id="wpforms-32-field_5-container" class="wpforms-field wpforms-field-number" data-field-id="5"><label class="wpforms-field-label" for="wpforms-32-field_5">DNI: <span class="wpforms-required-label">*</span></label><input type="number" id="wpforms-32-field_5" class="wpforms-field-medium wpforms-field-required" name="wpforms[fields][5]" required></div><div id="wpforms-32-field_10-container" class="wpforms-field wpforms-field-text" data-field-id="10"><label class="wpforms-field-label" for="wpforms-32-field_10">CUIL <span class="wpforms-required-label">*</span></label><input type="text" id="wpforms-32-field_10" class="wpforms-field-medium wpforms-field-required" name="wpforms[fields][10]" required><div class="wpforms-field-description">Si no sabe cual es el número de CUIL puede obtenerlo en el siguiente link:  https://www.anses.gob.ar/consulta/constancia-de-cuil (copie y pegue en el navegador), o en el Certificado de Discapacidad</div></div><div id="wpforms-32-field_6-container" class="wpforms-field wpforms-field-number" data-field-id="6"><label class="wpforms-field-label" for="wpforms-32-field_6">Fecha de nacimiento: <span class="wpforms-required-label">*</span></label><input type="number" id="wpforms-32-field_6" class="wpforms-field-medium wpforms-field-required" name="wpforms[fields][6]" required></div><div id="wpforms-32-field_9-container" class="wpforms-field wpforms-field-radio" data-field-id="9"><label class="wpforms-field-label" for="wpforms-32-field_9">Posee Obra Social? <span class="wpforms-required-label">*</span></label><ul id="wpforms-32-field_9" class="wpforms-field-required"><li class="choice-1 depth-1"><input type="radio" id="wpforms-32-field_9_1" name="wpforms[fields][9]" value="Sí" required ><label class="wpforms-field-label-inline" for="wpforms-32-field_9_1">Sí</label></li><li class="choice-2 depth-1"><input type="radio" id="wpforms-32-field_9_2" name="wpforms[fields][9]" value="No" required ><label class="wpforms-field-label-inline" for="wpforms-32-field_9_2">No</label></li></ul></div><div id="wpforms-32-field_8-container" class="wpforms-field wpforms-field-text" data-field-id="8"><label class="wpforms-field-label" for="wpforms-32-field_8">Escriba el nombre de su obra social (en caso de haber respondido que sí)</label><input type="text" id="wpforms-32-field_8" class="wpforms-field-medium" name="wpforms[fields][8]" ></div><div id="wpforms-32-field_11-container" class="wpforms-field wpforms-field-text" data-field-id="11"><label class="wpforms-field-label" for="wpforms-32-field_11">Número de Afiliado</label><input type="text" id="wpforms-32-field_11" class="wpforms-field-medium" name="wpforms[fields][11]" ></div><div id="wpforms-32-field_7-container" class="wpforms-field wpforms-field-radio" data-field-id="7"><label class="wpforms-field-label" for="wpforms-32-field_7">Posee Certificado de Discapacidad (CUD)? <span class="wpforms-required-label">*</span></label><ul id="wpforms-32-field_7" class="wpforms-field-required"><li class="choice-1 depth-1"><input type="radio" id="wpforms-32-field_7_1" name="wpforms[fields][7]" value="Sí" required ><label class="wpforms-field-label-inline" for="wpforms-32-field_7_1">Sí</label></li><li class="choice-2 depth-1"><input type="radio" id="wpforms-32-field_7_2" name="wpforms[fields][7]" value="No" required ><label class="wpforms-field-label-inline" for="wpforms-32-field_7_2">No</label></li><li class="choice-3 depth-1"><input type="radio" id="wpforms-32-field_7_3" name="wpforms[fields][7]" value="En trámite" required ><label class="wpforms-field-label-inline" for="wpforms-32-field_7_3">En trámite</label></li></ul></div><div id="wpforms-32-field_12-container" class="wpforms-field wpforms-field-textarea" data-field-id="12"><label class="wpforms-field-label" for="wpforms-32-field_12">Escriba el diagnóstico tal cual figura en el Certificado de Discapacidad (CUD) <span class="wpforms-required-label">*</span></label><textarea id="wpforms-32-field_12" class="wpforms-field-medium wpforms-field-required" name="wpforms[fields][12]" required></textarea><div class="wpforms-field-description">Se encuentra en la primer sección del certificado de discapacidad, luego del nombre y DNI.
Si respondió que No en la pregunta anterior o En  trámite, escriba «Sin diagnóstico»</div></div><div id="wpforms-32-field_14-container" class="wpforms-field wpforms-field-text" data-field-id="14"><label class="wpforms-field-label" for="wpforms-32-field_14">Escuela a la que asiste y grado que cursa <span class="wpforms-required-label">*</span></label><input type="text" id="wpforms-32-field_14" class="wpforms-field-medium wpforms-field-required" name="wpforms[fields][14]" required><div class="wpforms-field-description">Si la solicitud es para nivel inicial y no asiste a ningún jardín maternal, coloque Ninguna</div></div><div id="wpforms-32-field_15-container" class="wpforms-field wpforms-field-radio" data-field-id="15"><label class="wpforms-field-label" for="wpforms-32-field_15">Asiste a la escuela con Maestra de Apoyo o Asistente Terapéutico <span class="wpforms-required-label">*</span></label><ul id="wpforms-32-field_15" class="wpforms-field-required"><li class="choice-1 depth-1"><input type="radio" id="wpforms-32-field_15_1" name="wpforms[fields][15]" value="Sí" required ><label class="wpforms-field-label-inline" for="wpforms-32-field_15_1">Sí</label></li><li class="choice-2 depth-1"><input type="radio" id="wpforms-32-field_15_2" name="wpforms[fields][15]" value="No" required ><label class="wpforms-field-label-inline" for="wpforms-32-field_15_2">No</label></li></ul></div><div id="wpforms-32-field_17-container" class="wpforms-field wpforms-field-radio" data-field-id="17"><label class="wpforms-field-label" for="wpforms-32-field_17">Realiza terapias? <span class="wpforms-required-label">*</span></label><ul id="wpforms-32-field_17" class="wpforms-field-required"><li class="choice-1 depth-1"><input type="radio" id="wpforms-32-field_17_1" name="wpforms[fields][17]" value="Sí" required ><label class="wpforms-field-label-inline" for="wpforms-32-field_17_1">Sí</label></li><li class="choice-2 depth-1"><input type="radio" id="wpforms-32-field_17_2" name="wpforms[fields][17]" value="No" required ><label class="wpforms-field-label-inline" for="wpforms-32-field_17_2">No</label></li></ul></div><div id="wpforms-32-field_18-container" class="wpforms-field wpforms-field-textarea" data-field-id="18"><label class="wpforms-field-label" for="wpforms-32-field_18">Si su respuesta anterior fue sí, indique cuales terapias realiza, quién es el/la profesional que lo atiende y en qué instituto en caso de corresponder</label><textarea id="wpforms-32-field_18" class="wpforms-field-medium" name="wpforms[fields][18]" ></textarea></div><div id="wpforms-32-field_16-container" class="wpforms-field wpforms-field-textarea" data-field-id="16"><label class="wpforms-field-label" for="wpforms-32-field_16">Indique que profesional o qué institución realiza la derivación a la Asociación Esperanza</label><textarea id="wpforms-32-field_16" class="wpforms-field-medium" name="wpforms[fields][16]" ></textarea></div><div id="wpforms-32-field_0-container" class="wpforms-field wpforms-field-name" data-field-id="0"><label class="wpforms-field-label" for="wpforms-32-field_0">Nombre y apellido del Padre / Madre o Tutor <span class="wpforms-required-label">*</span></label><div class="wpforms-field-row wpforms-field-medium"><div class="wpforms-field-row-block wpforms-first wpforms-one-half"><input type="text" id="wpforms-32-field_0" class="wpforms-field-name-first wpforms-field-required" name="wpforms[fields][0][first]" required><label for="wpforms-32-field_0" class="wpforms-field-sublabel after">Nombre</label></div><div class="wpforms-field-row-block wpforms-one-half"><input type="text" id="wpforms-32-field_0-last" class="wpforms-field-name-last wpforms-field-required" name="wpforms[fields][0][last]" required><label for="wpforms-32-field_0-last" class="wpforms-field-sublabel after">Apellidos</label></div></div></div><div id="wpforms-32-field_1-container" class="wpforms-field wpforms-field-email" data-field-id="1"><label class="wpforms-field-label" for="wpforms-32-field_1">Correo electrónico</label><input type="email" id="wpforms-32-field_1" class="wpforms-field-medium" name="wpforms[fields][1]" spellcheck="false" ></div><div id="wpforms-32-field_3-container" class="wpforms-field wpforms-field-number" data-field-id="3"><label class="wpforms-field-label" for="wpforms-32-field_3">Teléfono de contacto <span class="wpforms-required-label">*</span></label><input type="number" id="wpforms-32-field_3" class="wpforms-field-medium wpforms-field-required" name="wpforms[fields][3]" required></div><div id="wpforms-32-field_2-container" class="wpforms-field wpforms-field-textarea" data-field-id="2"><label class="wpforms-field-label" for="wpforms-32-field_2">Comentario o mensaje</label><textarea id="wpforms-32-field_2" class="wpforms-field-medium" name="wpforms[fields][2]" ></textarea></div></div><!-- .wpforms-field-container --><div class="wpforms-recaptcha-container wpforms-is-recaptcha wpforms-is-recaptcha-type-v3" ><input type="hidden" name="wpforms[recaptcha]" value=""></div><div class="wpforms-submit-container" ><input type="hidden" name="wpforms[id]" value="32"><input type="hidden" name="page_title" value=""><input type="hidden" name="page_url" value="https://asociacionesperanza.com.ar/primario/wp-json/wp/v2/pages/216"><button type="submit" name="wpforms[submit]" id="wpforms-submit-32" class="wpforms-submit" data-alt-text="Enviando..." data-submit-text="Enviar" aria-live="assertive" value="wpforms-submit">Enviar</button></div></form></div>  <!-- .wpforms-container -->

<p>PRE-INSCRIPCIÓN para el Ciclo Lectivo 2026 Por favor completar el formulario de pre-inscripción, los turnos para las valoraciones se otorgarán partir de la segunda quincena de agosto, previamente recibirá un email solicitando documentación. Recuerde que esta es una instancia de pre – inscripción, las vacantes quedan supeditadas a los cupos disponibles.</p>
